{"id":122,"date":"2016-10-31T14:33:35","date_gmt":"2016-10-31T13:33:35","guid":{"rendered":"http:\/\/morganeespacebeaute.fr\/?page_id=122"},"modified":"2016-10-31T14:34:25","modified_gmt":"2016-10-31T13:34:25","slug":"sublimant-dos","status":"publish","type":"page","link":"http:\/\/morganeespacebeaute.fr\/?page_id=122","title":{"rendered":"SUBLIMANT DOS"},"content":{"rendered":"<p>Pour les personnes , voulant un dos impeccable sans imperfections alliant une r\u00e9elle d\u00e9tente musculaire<\/p>\n<p>&nbsp;<\/p>\n<ul>\n<li><strong>Diminuer l&rsquo;apparence des imperfections d\u00e9j\u00e0 pr\u00e9sentes<\/strong><\/li>\n<li><strong>Pr\u00e9venir\u00a0les futures imperfections<\/strong><\/li>\n<li><strong>Procurer bien-\u00eatre et confort m\u00eames pour les peaux sans imperfection.<\/strong><\/li>\n<li><strong>Les tensions sont lib\u00e9r\u00e9es<\/strong><\/li>\n<\/ul>\n<p>&nbsp;<\/p>\n<p><strong>Dur\u00e9e &#8211; 60 min<\/strong><\/p>\n","protected":false},"excerpt":{"rendered":"<p>Pour les personnes , voulant un dos impeccable sans imperfections alliant une r\u00e9elle d\u00e9tente musculaire &nbsp; Diminuer l&rsquo;apparence des imperfections d\u00e9j\u00e0 pr\u00e9sentes Pr\u00e9venir\u00a0les futures imperfections Procurer bien-\u00eatre et confort m\u00eames pour les peaux sans imperfection.[&#8230;]<\/p>\n","protected":false},"author":1,"featured_media":0,"parent":0,"menu_order":0,"comment_status":"closed","ping_status":"closed","template":"","meta":{"footnotes":""},"_links":{"self":[{"href":"http:\/\/morganeespacebeaute.fr\/index.php?rest_route=\/wp\/v2\/pages\/122"}],"collection":[{"href":"http:\/\/morganeespacebeaute.fr\/index.php?rest_route=\/wp\/v2\/pages"}],"about":[{"href":"http:\/\/morganeespacebeaute.fr\/index.php?rest_route=\/wp\/v2\/types\/page"}],"author":[{"embeddable":true,"href":"http:\/\/morganeespacebeaute.fr\/index.php?rest_route=\/wp\/v2\/users\/1"}],"replies":[{"embeddable":true,"href":"http:\/\/morganeespacebeaute.fr\/index.php?rest_route=%2Fwp%2Fv2%2Fcomments&post=122"}],"version-history":[{"count":1,"href":"http:\/\/morganeespacebeaute.fr\/index.php?rest_route=\/wp\/v2\/pages\/122\/revisions"}],"predecessor-version":[{"id":123,"href":"http:\/\/morganeespacebeaute.fr\/index.php?rest_route=\/wp\/v2\/pages\/122\/revisions\/123"}],"wp:attachment":[{"href":"http:\/\/morganeespacebeaute.fr\/index.php?rest_route=%2Fwp%2Fv2%2Fmedia&parent=122"}],"curies":[{"name":"wp","href":"https:\/\/api.w.org\/{rel}","templated":true}]}}